) - o/(-30) composite?
True
Let n = 43263 - 18320. Is n composite?
False
Is 14767 + -8 - 11 - 11 a composite number?
False
Suppose 2*u - 3*t + 35 = 0, 3*u + 5*t + 5 = -38. Let h = u - -18. Is 382*(-3 - (-7)/h) a prime number?
True
Let v(l) = l**2 - 7*l + 3. Let y be v(5). Let o = -4 - y. Suppose -o*u - 79 = -856. Is u a composite number?
True
Let k be 0 + 5 - 4 - -4. Let n(o) = 2*o**3 - 5*o**2 - 4*o + 22. Is n(k) prime?
True
Let y(z) = z**2 + 17*z - 15. Let h be y(-18). Let u(a) = -2 - 5*a**3 + 7*a**3 - 2*a - 2*a**2 + 5*a**3. Is u(h) a composite number?
False
Let u(v) = 2 + 3 + 2*v**2 - 11 - 19. Is u(29) composite?
False
Let s = 14812 + -8213. Is s composite?
False
Let a(z) = z**3 - 3*z + 3. Let n be a(2). Suppose -n*r = -6*r + 35. Let d = 69 - r. Is d a composite number?
True
Let c(r) = 2200*r**2 - 90*r - 257. Is c(-3) composite?
False
Let r(d) = d. Let t be r(6). Suppose -3*p + 4067 = 4*h, 0 = 3*h + 6 + t. Is p a composite number?
False
Is 27/(-36) - 62428/(-16) a composite number?
True
Let n be 0 + 4 + 5/5. Suppose -n*y + 6837 = 752. Is y a composite number?
False
Suppose 337*k - 334*k = 1203. Is k a composite number?
False
Let d = -175 + 245. Suppose -3*z = 5*p - 491, p - 35 = -4*z + d. Is p a composite number?
False
Suppose 12 = 5*y + y. Suppose 0 = 2*l - y, -4*b + l + 2 = -5. Suppose k = -5*h + b + 8, 0 = 3*k. Is h prime?
True
Suppose -9 = -3*g + 3*h, -g + h + 2*h = -7. Let m be (-94*g)/((-4)/70). Suppose 0 = 5*n - 10*n + m. Is n a prime number?
False
Let f be 551/5 + 5/(-25). Is 222/(-4)*f/(-15) a composite number?
True
Is 7813875/268 + (-6)/(-8) prime?
False
Let y = 11095 - 2810. Is y composite?
True
Suppose -5*k = -3*t + 58678, 5*k + 58681 = 3*t + 3*k. Is t a composite number?
True
Suppose 0 = l - 3 - 3. Suppose -l = -4*w + 2*w. Is 877/w + 4/6 composite?
False
Suppose 20 = y - 6*y, 4*v = -2*y + 52. Let n = v - 10. Is 335/n + 0 + -2 a prime number?
False
Let n(p) = 146*p**3 + p**2 - 17*p + 25. Is n(2) a prime number?
True
Let z = -56 + 68. Let x be (8/6)/(6/9). Is x/z + 533/6 prime?
True
Is (-4 + 4921/(-7))/(-1) prime?
False
Let x = 52709 - 7714. Is x a composite number?
True
Let j(d) = d**3 - d**2 + d - 1. Let s be 6/3 + (3 - 4). Let q be j(s). Is (-2 + 1)*(-169 + q) composite?
True
Suppose i = -5*u - 11, -4*u - 3 = -i + 31. Let m be (-12)/(2 - i/4). Let g = m + 171. Is g prime?
True
Is 37699*1 - (4 + -4 + 8) a composite number?
False
Let z(m) = -m**2 + 2*m + 60. Let s be z(8). Is 2 - -10*1986/s a composite number?
False
Suppose 2*q - 40774 = -10836. Is q prime?
True
Suppose a - 1931 - 840 = 0. Is a a prime number?
False
Suppose 6*s - 2844 = -0*s. Suppose z + 234 = 2*l - l, -2*z = 4*l + s. Let g = z + 444. Is g composite?
True
Let y be 49/49*(-2 + (0 - 1)). Is (2 + y - -1317) + 3 a composite number?
False
Suppose -18*w + 530626 + 447008 = 0. Is w composite?
True
Let h = -20 + 29. Let y be 1630/45 - 2/h. Let i = 51 - y. Is i a composite number?
True
Suppose -4*i - 8 = -2*k, -4*k - 6*i + 49 = -3*i. Suppose -2179 = -2*t + 4051. Suppose -5*s - t = -k*s. Is s a prime number?
False
Suppose 5*h + 5*n - 1740 - 890 = 0, -4*h + 2112 = -4*n. Let x = -294 + h. Suppose 3*d - 1334 = -x. Is d a prime number?
True
Let v(k) = -260*k + 1. Let u = -15 + 13. Is v(u) a composite number?
False
Let b(h) = 4*h**2 + 12*h - 11. Let l be b(12). Let n = -312 + l. Is n composite?
False
Let v = 576 + 21. Let c = v + 980. Is c a prime number?
False
Suppose p + 4*a = 9971, 0 = -3*p - a + 23258 + 6677. Is p prime?
False
Suppose -3*m - 2*t = -0*m - 21, m - 20 = -5*t. Suppose 1206 = -2*w + 5*w + b, -2*w + m*b + 821 = 0. Is w composite?
True
Let n = 8 + -5. Suppose 2*b + 2*i = -i + 1709, -n*b - 3*i = -2562. Is b composite?
False
Suppose -987 = -5*l + 2778. Is ((-6)/(-18)*-3)/((-1)/l) prime?
False
Suppose -77 = -6*j + 151. Let w = 320 + j. Is w a prime number?
False
Suppose 15 = k + 2*k. Suppose -g + k*m = -3*g + 25, 5*g = -5*m + 40. Suppose -1541 - 324 = -g*t. Is t prime?
True
Let m be 0/(-3) + 5 - 3. Suppose 8 = w + 2*i, -m*w + 5*w - 15 = -3*i. Suppose -w*l = -3*l + 43. Is l prime?
True
Suppose 1623 + 102 = 5*t. Suppose t = x - 26. Is x prime?
False
Let n = 10142 - 2845. Is n a prime number?
True
Is -1 + 8 - (8 - 14744) a composite number?
True
Let q be (-6)/4*1192/(-6). Let n be 1 + (-1 - 1) - -5. Suppose 0 = -n*j + 2*j + q. Is j a composite number?
False
Let k = 9 - 9. Suppose -r = 2*m - 2*r - 16, k = 4*m - 3*r - 32. Let s(t) = 15*t**2 - 3*t - 17. Is s(m) composite?
False
Let p(g) = 107*g**2 + 29*g - 143. Is p(10) prime?
True
Let l(a) = a**3 + 26*a**2 - 4*a - 18. Is l(-13) a composite number?
True
Suppose 17 - 5 = 3*j. Let c(n) = -2*n**2 + n - 2. Let p be c(j). Let o = 3 - p. Is o prime?
False
Let i(f) = -5*f. Let p be i(-3). Let b = 17 - p. Is (-268)/(-20) + b/(-5) composite?
False
Is 22/440 + 571238/40 a prime number?
True
Suppose -d = -5*f - 591, 4*d - 2454 = -f - 132. Suppose -d = -8*x + 5843. Is x a prime number?
False
Suppose 0 = 4*g - 3*g - 5*o - 9, 3*o = 2*g - 11. Is (-2 + g)/(1/(19105/10)) composite?
False
Suppose -3*q + 39847 = -2*s, 3*s + 70913 = 4*q + 17785. Is q a composite number?
True
Let g(q) = q + 1. Let d be g(6). Let p(y) = -y**3 + 7*y**2 - 3. Let i be p(d). Let a(n) = -n**3 - 4. Is a(i) prime?
True
Let g = -1 + 10. Let i = 11 - g. Suppose -i*j = -21 - 77. Is j composite?
True
Suppose -5*t + 7 = -8. Let u = t - -7. Let r = 9 + u. Is r a prime number?
True
Suppose 5*w - 15 = 0, -4*l + 93476 + 64955 = w. Is l a prime number?
True
Let l(a) = 64*a - 12. Let d be l(-15). Let b = d - -1759. Is b prime?
True
Is 930 + 3 + (-12)/3 a composite number?
False
Suppose 5*o - 35613 = -v, v - 14 + 16 = 0. Is o prime?
False
Is (-156036)/(-76) - 28/266 prime?
True
Suppose 0 = 9*q - 548 - 190. Is q composite?
True
Let r = 12 - 6. Suppose -4*v + r - 142 = 0. Is (v/4)/((-4)/88) a composite number?
True
Let c = 494 - -156. Let h = c - -341. Let f = h - 446. Is f composite?
True
Suppose 4*g + 19047 - 4691 = 0. Let t = -2208 - g. Is t a prime number?
True
Let z(u) = 7*u**2 - 8*u - 8. Let x be z(-7). Suppose -3*m - 3*a + 858 = 0, 68 + 218 = m + 5*a. Suppose m + x = j. Is j prime?
True
Suppose 1584 - 180 = 4*y. Suppose -c = -3*k - 1129, 2*c - y = -5*k + 1907. Let p = c + -802. Is p prime?
False
Let a be 1*108*3/3. Suppose -3*q + a = -3*o, 43 = 2*q - o - 28. Is q composite?
True
Let y be ((-777)/(-4))/((-3)/(-12)). Suppose 43*u + y = 46*u. Is u prime?
False
Let n = -10 - -15. Let o(a) = a**2 - 5*a - 2. Let x be o(n). Is 4/4 + (0 - x) a prime number?
True
Let n be (-12)/(-3) - (-5 - -6). Suppose -n*a = -2*k - 2, -5*a = -5*k + 3*k - 2. Let w(r) = -r + 6. Is w(a) prime?
False
Suppose -m + 979 = -2*k, 2*m - 119*k = -123*k + 1926. Is m a composite number?
False
Let v(z) = -2 - 3*z**3 + 4*z - 4*z - 3*z**2. Let c be v(-5). Suppose g + g - c = 0. Is g prime?
True
Suppose -66375 = -13*l + 11222. Is l composite?
True
Let n be -9*((-404)/(-12) + 2). Is 2 + (3*n)/(-3) composite?
True
Suppose 56 - 21 = 5*u. Suppose -16472 = -z - u*z. Is z prime?
False
Suppose -228271 = -15*j - 44*j. Is j a prime number?
False
Let h(t) = -2*t**3 + 67*t**2 - 40*t + 8. Is h(21) prime?
True
Suppose 5*s + 38 - 132 = 3*p, -2*s + 3*p = -43. Suppose -185 - s = -2*k. Suppose 62 + k = l. Is l a prime number?
True
Let z(w) = -5690*w + 47. Is z(-1) composite?
False
Suppose b - 17756 = -2*b - 5*v, 23665 = 4*b - 3*v. Is b composite?
True
Suppose -5*m + 1916 = 696. Let l = 447 - m. Is l prime?
False
Let f be 3*-2*14/(-12). Let i(q) = -q - 7. Let z be i(f). Is (-3294)/z - (-4)/(-14) composite?
True
Let z(o) = -o**3 - 6*o**2 + 2*o + 2. Let w = 29 - 23. Suppose -c - 13 = -w. Is z(c) a prime number?
True
Is 7*(-8)/(-532) - (-735)/57 a composite number?
False
Suppose -1232 = -3*t + i, -5*t - 3*i = 2*i - 2060. Is t prime?
False
Is (-2 - -6)*169328/64 composite?
True
Let q(c) = -3*c**3 + 10*c**2 + 7*c - 1. Let a = 28 - 34. Is q(a) prime?
False
Let i = 68 + -64. Suppose -i*o = -u + 307, 0 = -u - 6*o + 2*o + 275. Is u prime?
False
Suppose -5*i - 17*l + 18*l + 233094 = 0, 233099 = 5*i + 4*l. Is i a composite number?
False
Let s = -528 + 1304. Suppose -n - 2*n = 5*a - 1282, 3*a - s = 5*n. Is a a composite number?
False
Let k = 792 + 845. Is k a composite number?
False
Suppose 0*a + 3*i + 3691 = 2*a, 3692 = 2*a - 2*i. Is a a 